{"version":"1.0","provider_name":"Tudom, amit tudok","provider_url":"https:\/\/uvegcsillag.cafeblog.hu","author_name":"Csontos Mariann","author_url":"https:\/\/uvegcsillag.cafeblog.hu\/author\/mariann-csontosgmail-com\/","title":"Az els\u0151 Capricho","html":"<p>N\u00e9h\u00e1ny tizedig-negyedig megf\u0171z\u00f6tt Capricho ut\u00e1n v\u00e9g\u00fcl elk\u00e9sz\u00fclt az els\u0151 teljesen k\u00e9sz darab:<\/p>\n<p><img src=\"http:\/\/m.cdn.blog.hu\/pa\/paintressy\/image\/SAM_0860.JPG\" alt=\"SAM_0860.JPG\" class=\"imgnotext\" width=\"356\" height=\"267\" \/><\/p>\n<p style=\"text-align: justify\">De nem tartom meg :). \u00cdgy van ez, csom\u00f3t kell k\u00eds\u00e9rletezni, mire kialakul a viszonylag v\u00e9gleges verzi\u00f3. Ennek szeg\u00e9nynek itt hib\u00e1ja van, b\u00e1r voltam annyira hi\u00fa, hogy a j\u00f3 fel\u00e9t fot\u00f3zzam :P. P\u00e1ratlan sz\u00e1m\u00fa sort kezdtem, \u00e9s nem j\u00f6n ki a v\u00e9g\u00e9n a cs\u00edkoz\u00e1s. \u00c9s mellesleg t\u00fal nagy is. Nem most bontom le, el\u0151sz\u00f6r megcsin\u00e1lok m\u00e9g egy vari\u00e1ci\u00f3t fekete-lil\u00e1s-ez\u00fcst\u00f6sb\u0151l, azt\u00e1n tal\u00e1n egyszer sort ker\u00edt\u00fcnk erre is. N\u00e9mileg az\u00e9rt v\u00e1ltoztattam az alapmint\u00e1n. A l\u00e9nyeg azonban, m\u00e1rmint hogy egy er\u0151s tart\u00e1s\u00fa, merev <em>karperec<\/em> legyen, megmaradt.<\/p>\n<p style=\"text-align: justify\">Viszont most, hogy elment a fiam, visszat\u00e9rhet\u00fcnk a fest\u0151s projektre. A p\u00f3tl\u00e1sokra (upsz, elment egy Bika horoszk\u00f3pos k\u00e9p is), a f\u00e9lbehagyottakra...<\/p>","type":"rich"}

Az első Capricho

<p>Néhány tizedig-negyedig megfűzött Capricho után végül elkészült az első teljesen kész darab:</p>
<p><img src="http://m.cdn.blog.hu/pa/paintressy/image/SAM_0860.JPG" alt="SAM_0860.JPG" class="imgnotext" width="356" height="267" /></p>
<p style="text-align: justify">De nem tartom meg :). Így van ez, csomót kell kísérletezni, mire kialakul a viszonylag végleges verzió. Ennek szegénynek itt hibája van, bár voltam annyira hiú, hogy a jó felét fotózzam :P. Páratlan számú sort kezdtem, és nem jön ki a végén a csíkozás. És mellesleg túl nagy is. Nem most bontom le, először megcsinálok még egy variációt fekete-lilás-ezüstösből, aztán talán egyszer sort kerítünk erre is. Némileg azért változtattam az alapmintán. A lényeg azonban, mármint hogy egy erős tartású, merev <em>karperec</em> legyen, megmaradt.</p>
<p style="text-align: justify">Viszont most, hogy elment a fiam, visszatérhetünk a festős projektre. A pótlásokra (upsz, elment egy Bika horoszkópos kép is), a félbehagyottakra...</p>
