{"version":"1.0","provider_name":"Tudom, amit tudok","provider_url":"https:\/\/uvegcsillag.cafeblog.hu","author_name":"Csontos Mariann","author_url":"https:\/\/uvegcsillag.cafeblog.hu\/author\/mariann-csontosgmail-com\/","title":"\u00dajra itthon","html":"<p style=\"text-align: justify\">M\u00e1sf\u00e9l \u00e9vvel ezel\u0151tt k\u00f6lt\u00f6ztem egyet. 80 km-rel arr\u00e9bb. Majdnem minden holmim bef\u00e9rt, pakol\u00e1skor, csak p\u00e1r ruhadarab \u00e9s egy k\u00f6nyves doboz maradt el, amit annyira nem sajn\u00e1ltam, viszont sok-sok \u00fcvegholmi, amit nem is mert\u00fcnk, nem is tudtunk elsz\u00e1ll\u00edtani. A m\u00e9retre v\u00e1gott, de m\u00e9g \u00fcres \u00fcveglapok m\u00e9g csak p\u00f3tolhat\u00f3k voltak, de a f\u00e9lk\u00e9sz, s\u0151t m\u00e1r elk\u00e9sz\u00fclt festm\u00e9nyeket nagyon sajn\u00e1ltam. Majd visszaj\u00f6v\u00f6k, de az \u00e9let sok\u00e1ig \u00fagy hozta, hogy nem jutottam el. Eg\u00e9szen szombatig.\u00a0<\/p>\n<p style=\"text-align: justify\">\u00d3ri\u00e1si \u00e9lm\u00e9ny volt, mert persze a legnagyobbakra, a legfontosabbakra eml\u00e9keztem, de a kisebb darabokra, \u00e9s a megkezdettek j\u00f3 r\u00e9sz\u00e9re egy\u00e1ltal\u00e1n nem. Meg\u00e9rte. V\u00e1rni is, visszamenni is!<\/p>\n<p style=\"text-align: justify\"><img src=\"http:\/\/m.cdn.blog.hu\/pa\/paintressy\/image\/SAM_1014.JPG\" alt=\"SAM_1014.JPG\" class=\"imgnotext\" width=\"551\" height=\"413\" \/><\/p>","type":"rich"}

Újra itthon

<p style="text-align: justify">Másfél évvel ezelőtt költöztem egyet. 80 km-rel arrébb. Majdnem minden holmim befért, pakoláskor, csak pár ruhadarab és egy könyves doboz maradt el, amit annyira nem sajnáltam, viszont sok-sok üvegholmi, amit nem is mertünk, nem is tudtunk elszállítani. A méretre vágott, de még üres üveglapok még csak pótolhatók voltak, de a félkész, sőt már elkészült festményeket nagyon sajnáltam. Majd visszajövök, de az élet sokáig úgy hozta, hogy nem jutottam el. Egészen szombatig. </p>
<p style="text-align: justify">Óriási élmény volt, mert persze a legnagyobbakra, a legfontosabbakra emlékeztem, de a kisebb darabokra, és a megkezdettek jó részére egyáltalán nem. Megérte. Várni is, visszamenni is!</p>
<p style="text-align: justify"><img src="http://m.cdn.blog.hu/pa/paintressy/image/SAM_1014.JPG" alt="SAM_1014.JPG" class="imgnotext" width="551" height="413" /></p>
