{"version":"1.0","provider_name":"Tudom, amit tudok","provider_url":"https:\/\/uvegcsillag.cafeblog.hu","author_name":"Csontos Mariann","author_url":"https:\/\/uvegcsillag.cafeblog.hu\/author\/mariann-csontosgmail-com\/","title":"Horoszk\u00f3p-sorozat","html":"<p style=\"text-align: justify\">...m\u00e1rmint az els\u0151.<\/p>\r\n<p style=\"text-align: justify\">Kiterveltem, mib\u0151l mennyi darabbal illik elk\u00e9sz\u00fcln\u00f6m, ha a nagy\u00e9rdem\u0171 el\u00e9 akarok \u00e1llni. \u00c9s \u00fagy \u00e1llapodtam meg magammal, hogy k\u00e9t sorozatot k\u00e9sz\u00edtek a horoszk\u00f3posb\u00f3l, szigor\u00faan m\u00e1s sz\u00edn\u00f6ssze\u00e1ll\u00edt\u00e1sban.<\/p>\r\n<p style=\"text-align: justify\">\u00cdme, az els\u0151 sorozat:<\/p>\r\n<p style=\"text-align: justify\"><img class=\"imgnotext open-in-modal\" src=\"https:\/\/uvegcsillag.cafeblog.hu\/files\/2015\/02\/sam_8739.jpg\" alt=\"sam_8739.JPG\" width=\"546\" height=\"409\" \/><\/p>\r\n<p style=\"text-align: justify\">\u00a0<\/p>","type":"rich","thumbnail_url":"https:\/\/uvegcsillag.cafeblog.hu\/files\/2015\/02\/SAM_8739-150x150.jpg","thumbnail_width":150,"thumbnail_height":150}

Horoszkóp-sorozat

<p style="text-align: justify">...mármint az első.</p>
<p style="text-align: justify">Kiterveltem, miből mennyi darabbal illik elkészülnöm, ha a nagyérdemű elé akarok állni. És úgy állapodtam meg magammal, hogy két sorozatot készítek a horoszkóposból, szigorúan más színösszeállításban.</p>
<p style="text-align: justify">Íme, az első sorozat:</p>
<p style="text-align: justify"><img class="imgnotext open-in-modal" src="https://uvegcsillag.cafeblog.hu/files/2015/02/sam_8739.jpg" alt="sam_8739.JPG" width="546" height="409" /></p>
<p style="text-align: justify"> </p>
